{"id":1424,"date":"2024-09-03T10:43:34","date_gmt":"2024-09-03T02:43:34","guid":{"rendered":"http:\/\/amoner.com\/?post_type=product&#038;p=1424"},"modified":"2024-11-01T02:41:35","modified_gmt":"2024-11-01T09:41:35","slug":"amoner-chargeur-usb-lightning-cable","status":"publish","type":"product","link":"https:\/\/amoner.com\/index.php\/product\/amoner-chargeur-usb-lightning-cable\/","title":{"rendered":"Amoner Chargeur USB &#038; Lightning C\u00e2ble"},"content":{"rendered":"","protected":false},"excerpt":{"rendered":"<ul class=\"a-unordered-list a-vertical a-spacing-none\">\n<li><span class=\"a-list-item\">Chargeur usb haute puissance: Sortie de courant maximum est 4.8A (24W), Equip\u00e9 de 2 ports USB, Ce chargeur USB vous aider \u00e0 recharger 2 appareils simultan\u00e9ment, il peut atteindre 2.4A par port<\/span><\/li>\n<li><span class=\"a-list-item\">Certifi\u00e9 MFi Apple: Amoner c\u00e2ble iPhone contient une puce d&#8217;autorisation par Apple qui assure que votre appareil se synchronise et se recharge \u00e0 la vitesse maximale et en toute s\u00e9curit\u00e9<\/span><\/li>\n<li><span class=\"a-list-item\">1 Chargeur+ c\u00e2ble 1M: Ce chargeur suivant les sp\u00e9cifications europ\u00e9ennes peut \u00eatre utilis\u00e9 pour recharger une vari\u00e9t\u00e9 d&#8217;appareils: smartphone, tablette, p\u00e9riph\u00e9rique WiFi, consoles de jeux etc<\/span><\/li>\n<li><span class=\"a-list-item\">Stabilit\u00e9 et S\u00e9curit\u00e9: Le chargeur USB d\u00e9tecte automatiquement le courant d&#8217;entr\u00e9e n\u00e9cessaire de l&#8217;appareil connect\u00e9. Des dispositifs de s\u00e9curit\u00e9 int\u00e9gr\u00e9s prot\u00e8gent vos appareils contre le courant excessif, la surchauffe et la surcharge<\/span><\/li>\n<li><span class=\"a-list-item\">Service Client Professionnel: La Garantie et le Service Produit Sans Souci pendant 18 mois chez NOUS<\/span><\/li>\n<\/ul>\n","protected":false},"featured_media":1425,"comment_status":"open","ping_status":"closed","template":"","meta":{"_kadence_starter_templates_imported_post":false,"_kad_post_transparent":"default","_kad_post_title":"","_kad_post_layout":"default","_kad_post_sidebar_id":"","_kad_post_content_style":"default","_kad_post_vertical_padding":"default","_kad_post_feature":"","_kad_post_feature_position":"","_kad_post_header":false,"_kad_post_footer":false},"product_cat":[25],"product_tag":[],"class_list":{"0":"post-1424","1":"product","2":"type-product","3":"status-publish","4":"has-post-thumbnail","6":"product_cat-france","8":"first","9":"instock","10":"shipping-taxable","11":"product-type-simple","12":"entry","13":"content-bg","14":"loop-entry"},"_links":{"self":[{"href":"https:\/\/amoner.com\/index.php\/wp-json\/wp\/v2\/product\/1424","targetHints":{"allow":["GET"]}}],"collection":[{"href":"https:\/\/amoner.com\/index.php\/wp-json\/wp\/v2\/product"}],"about":[{"href":"https:\/\/amoner.com\/index.php\/wp-json\/wp\/v2\/types\/product"}],"replies":[{"embeddable":true,"href":"https:\/\/amoner.com\/index.php\/wp-json\/wp\/v2\/comments?post=1424"}],"wp:featuredmedia":[{"embeddable":true,"href":"https:\/\/amoner.com\/index.php\/wp-json\/wp\/v2\/media\/1425"}],"wp:attachment":[{"href":"https:\/\/amoner.com\/index.php\/wp-json\/wp\/v2\/media?parent=1424"}],"wp:term":[{"taxonomy":"product_cat","embeddable":true,"href":"https:\/\/amoner.com\/index.php\/wp-json\/wp\/v2\/product_cat?post=1424"},{"taxonomy":"product_tag","embeddable":true,"href":"https:\/\/amoner.com\/index.php\/wp-json\/wp\/v2\/product_tag?post=1424"}],"curies":[{"name":"wp","href":"https:\/\/api.w.org\/{rel}","templated":true}]}}