{"id":1376,"date":"2024-09-02T17:45:57","date_gmt":"2024-09-02T09:45:57","guid":{"rendered":"http:\/\/amoner.com\/?post_type=product&#038;p=1376"},"modified":"2024-11-01T02:40:48","modified_gmt":"2024-11-01T09:40:48","slug":"amoner-15w-wireless-charger","status":"publish","type":"product","link":"https:\/\/amoner.com\/index.php\/product\/amoner-15w-wireless-charger\/","title":{"rendered":"Amoner 15W Wireless Charger"},"content":{"rendered":"","protected":false},"excerpt":{"rendered":"<ul class=\"a-unordered-list a-vertical a-spacing-none\">\n<li><span class=\"a-list-item\">VERSCHIEDENE DRAHTLOSE LADEMODI &#8211; 15 W Schneller drahtloser Lademodus f\u00fcr das Galaxy S10 \/ S9 \/ S9 + \/ S8 \/ S8 + \/ Note9 \/ 8; 7,5 W kabelloser Lademodus f\u00fcr iPhone Xs Max \/ Xs \/ XR \/ X \/ 8 \/ 8Plus; 5-W-Standardlademodus f\u00fcr andere Telefone, die das drahtlose Laden unterst\u00fctzen.<\/span><\/li>\n<li><span class=\"a-list-item\">FALLFREUNDLICH &#8211; Unser kabelloser Ladest\u00e4nder funktioniert mit den meisten Arten von H\u00fcllen (nicht f\u00fcr Metallringe \/ -platten \/ Kreditkarten \/ -batterien und St\u00e4rken \u00fcber 8 mm). Wir empfehlen, den Koffer f\u00fcr ein effizientes Laden abzunehmen.<\/span><\/li>\n<li><span class=\"a-list-item\">VERSCHIEDENE LADERICHTUNG &#8211; Das Telefon kann sowohl vertikal als auch horizontal aufgeladen werden. Stellen Sie das Ger\u00e4t horizontal auf, um Videos w\u00e4hrend des Ladevorgangs zu genie\u00dfen, oder vertikal, um Videokonferenzen abzuhalten oder um die Gesichtserkennungstechnologie zu verwenden.<\/span><\/li>\n<li><span class=\"a-list-item\">LED-LADEANZEIGE &#8211; Gr\u00fcnes Licht: Standby-Status; Blaues Licht: Ladestatus; Blaues und gr\u00fcnes Licht blinken: abnormale Ladung; Informieren Sie sich immer \u00fcber den Ladezustand.<\/span><\/li>\n<li><span class=\"a-list-item\">EINJ\u00c4HRIGE GARANTIE &#8211; Wir bem\u00fchen uns, die beste Qualit\u00e4t und EINJ\u00c4HRIGE Garantie f\u00fcr kostenlosen Ersatz oder volle R\u00fcckerstattung bei Problemen zu bieten. Wenn Sie Fragen haben, kontaktieren Sie uns einfach.<\/span><\/li>\n<\/ul>\n","protected":false},"featured_media":1377,"comment_status":"open","ping_status":"closed","template":"","meta":{"_kadence_starter_templates_imported_post":false,"_kad_post_transparent":"default","_kad_post_title":"","_kad_post_layout":"default","_kad_post_sidebar_id":"","_kad_post_content_style":"default","_kad_post_vertical_padding":"default","_kad_post_feature":"","_kad_post_feature_position":"","_kad_post_header":false,"_kad_post_footer":false},"product_cat":[23],"product_tag":[],"class_list":{"0":"post-1376","1":"product","2":"type-product","3":"status-publish","4":"has-post-thumbnail","6":"product_cat-germany","8":"first","9":"instock","10":"shipping-taxable","11":"product-type-simple","12":"entry","13":"content-bg","14":"loop-entry"},"_links":{"self":[{"href":"https:\/\/amoner.com\/index.php\/wp-json\/wp\/v2\/product\/1376","targetHints":{"allow":["GET"]}}],"collection":[{"href":"https:\/\/amoner.com\/index.php\/wp-json\/wp\/v2\/product"}],"about":[{"href":"https:\/\/amoner.com\/index.php\/wp-json\/wp\/v2\/types\/product"}],"replies":[{"embeddable":true,"href":"https:\/\/amoner.com\/index.php\/wp-json\/wp\/v2\/comments?post=1376"}],"wp:featuredmedia":[{"embeddable":true,"href":"https:\/\/amoner.com\/index.php\/wp-json\/wp\/v2\/media\/1377"}],"wp:attachment":[{"href":"https:\/\/amoner.com\/index.php\/wp-json\/wp\/v2\/media?parent=1376"}],"wp:term":[{"taxonomy":"product_cat","embeddable":true,"href":"https:\/\/amoner.com\/index.php\/wp-json\/wp\/v2\/product_cat?post=1376"},{"taxonomy":"product_tag","embeddable":true,"href":"https:\/\/amoner.com\/index.php\/wp-json\/wp\/v2\/product_tag?post=1376"}],"curies":[{"name":"wp","href":"https:\/\/api.w.org\/{rel}","templated":true}]}}